17 - -1)?
-16
Calculate (2 - -2 - (37 - 32)) + (6 - 14).
-9
What is -106 - -111 - (9 - -1)?
-5
Evaluate -1 + -10 + (-8 + -11 - -4 - -1).
-25
74 + -33 + -28 - -11
24
Calculate (-6 + 3 - 0) + 1 + 4 + 0.
2
What is the value of 5 + (8 - (3 - -36))?
-26
Evaluate 4 + (-5 - -13) + -16.
-4
Evaluate 28 - ((26 - 0) + -18).
20
What is the value of (1 - (-10 + 3)) + -2 - (-1 - 1)?
8
What is the value of 46 - 18 - 46 - (1 - 37)?
18
What is 64 + -54 + (-2 - (-5 - -2)) + -16?
-5
-5 + (1 - -4 - -1 - (7 - 11))
5
-29 - -1 - (-718 - -693)
-3
What is the value of 5 + (1 - 11 - 2)?
-7
What is (-93 - -79 - (-4 + 2)) + -10?
-22
Calculate (9 + -8 - 31) + 5.
-25
15 - (8 + (-10 - -3 - 0))
14
Evaluate 19 + -5 + (-44 - 5 - -11).
-24
(-288 - -288) + 1 + (-2 - 21) + 0
-22
What is the value of (-2 - -9 - 19) + -3 - -7?
-8
1 + (4 - 0) + -4 + (-10 - 3)
-12
-16 - ((18 - -1) + -31)
-4
What is (28 - 42) + (1 - -1) + 1?
-11
-32 - ((-18 - -13) + -12) - -11
-4
What is -4 + 23 + -12 - (-1 - -10)?
-2
433 - 435 - (1 - (1 + 6))
4
What is the value of 40 - (-29 + 5 + 31)?
33
29 - (4 + (-19 - -26))
18
1 + (-7 - 1) - (-4 + (-6 - -4))
-1
Evaluate (1 - -6) + (21 - 29) + 9.
8
Evaluate -7 + 2 - (-55 + 72).
-22
What is -41 + 50 + -20 - (-1 + -2 - 0)?
-8
Evaluate -5 - ((13 - 9) + -1 + (1 - -3)).
-12
What is the value of (-9 - 2) + 2 + 14?
5
What is the value of 15 + (30 - 27) + -23?
-5
Evaluate (6 - 0) + (4 + -13 + 3 - -5).
5
What is 29 + -30 + 32 - 36?
-5
Evaluate 56 + 10 + -24 + -18.
24
What is the value of 1 - (-16 + 12 + 3)?
2
Calculate 2 + (-1 - 8 - -2) + -3.
-8
Calculate -11 + ((-15 - -7) + 0 - -9).
-10
Evaluate (-7 - 1) + (2 + -8 - -14) + -7.
-7
Evaluate (43 - (-35 - -71)) + (-1 + -2 - 0).
4
Calculate 0 - (-26 + 29 + (-1 - 9)).
7
What is (-22 - (-21 + 5)) + (-2 - 1) + 18?
9
Evaluate (2 - 10) + 32 + -45.
-21
Calculate (49 - 51) + (2 - (4 - 1) - -6).
3
What is 1 - (7 - -1) - -8?
1
What is -7 + 3 - (-1 - -3 - (25 - 45))?
-26
What is -63 + 71 + 1 - (-12 - -1)?
20
Evaluate -353 + 361 - (3 + -1 + 4).
2
What is the value of (-3 - -1) + -2 + -165 + 173?
4
8 + (-8 - -1) - (-13 + (13 - 6))
7
Calculate (-4 + -4 - -8 - 4) + 3.
-1
What is (-22 + 18 - -1) + (1 - -8) - -2?
8
Calculate -6 + (-2 - -7) + 9.
8
What is -25 + -3 + 6 + 12 + -20?
-30
What is the value of (11 - (64 - 20)) + (-1 - 1) + 7?
-28
What is the value of (42 - -13) + -10 - 38?
7
-26 + (0 - -6) - -37
17
Calculate (18 - -26) + -52 + 7.
-1
Calculate (-24 - (4 + -51)) + -7.
16
What is -48 + 25 - (-9 + -31)?
17
What is 13 + -10 - (-4 + -2)?
9
What is 9 + 4 + -22 + 8 + -6 + 41?
34
Calculate (-15 - -17) + (7 - -2) + -9.
2
Calculate -4 - (-13 + 6 + 7).
-4
What is -8 + (20 - 3) + 18 + -17?
10
Evaluate (0 - (1 + 10)) + -4 - (1 + -4).
-12
Evaluate -864 + 855 + -22 + 1.
-30
Calculate -3 - (-8 + 12 - (-4 + 7 + 1)).
-3
What is the value of -116 + 108 - (2 + -10 + -4 + 3)?
1
1 - (-22 - (-6 + -24))
-7
What is 6 + 5 + 2 + -1 + -75 + 67?
4
Calculate -4 - (-9 + 24 - 3) - (-5 - 1).
-10
What is the value of (7 - (21 + -9)) + -2 + -4?
-11
Calculate -16 + -18 + 22 - (2 + -29).
15
What is -32 + 4 + 10 + 10?
-8
(17 - -12) + -23 + -2 + -3
1
Evaluate -20 + (-12 + 37 - -6).
11
What is the value of -7 + 17 - (19 - (-12 + -1))?
-22
Evaluate 16 + 2 + (21 - (1 - -11)).
27
What is -2 + -3 + -44 + 29 + 8 + 0?
-12
What is the value of 2 + -44 - (-433 - -406)?
-15
What is -32 + 15 + -6 + 15?
-8
Calculate -26 - (3 - 21) - (-2 - -3).
-9
What is 7 - (-3 + 26 + -13)?
-3
2 + 0 - (4 + (4 - -4) + 0)
-10
What is (-11 - -4) + (36 - 29)?
0
Calculate 7 + -4 + 6 + -4 + 11.
16
Evaluate 2 + -8 + 29 + -17 + -3 + 2.
5
What is ((-10 - 4) + -7 - -1) + 4?
-16
98 + -81 - ((-3 - 1) + -1 + 3)
19
What is -11 + 8 + (45 - 19)?
23
Evaluate -12 - ((3 - -6) + -11) - -9.
-1
Calculate -10 + (25 - 9 - 6) + 8.
8
What is the value of 1 + 16 + 0 + 0 - (496 + -494)?
15
(-3 - 6) + 0 + 17
8
Calculate 1 + 5 + (21 - (31 - -16)).
-20
Calculate -5 + 22 - (22 - 7).
2
3 + -15 + -15 + 20
-7
What is -8 - (-7 - -4) - (-1 + 1 + -7)?
2
What is 3 + -2 + 1 + (20 - (-2 + 27))?
-3
Evaluate ((5 - (-3 + 7)) + 6 - 1) + 8.
14
What is (-442 - -476) + (1 - 21)?
14
-37 - 2 - (306 + -323)
-22
Calculate (4 + -17 - 3) + 11 + -24.
-29
Evaluate -31 + (-22 - -7) + 45.
-1
15 - (0 + 7 - 5) - 4
9
Evaluate 10 + -10 + (-12 - (0 + -11)).
-1
(6 - 12 - 9) + 2 + 8
-5
Calculate -6 - -13 - 29 - (-3 + (-10 - -4)).
-13
What is the value of 4 + 1 + (-24 - (-10 + -12))?
3
Evaluate (-15 - -1) + 9 + 21 + -15.
1
What is -5 + (-3 - 2) + (1 - -4) - -4?
-1
Evaluate (5 - -1) + (-4 - 0) - (-15 + 22).
-5
(-31 - (-57 + 26)) + (1 + -2 - 7)
-8
What is 5 - (-8 + 11 - 1 - (1 - -7))?
11
What is the value of -33 + 51 - (0 - -11)?
7
Evaluate -2 + -27 + 1 - (-105 + 96).
-19
What is 14 + (-6 + -16 - 2)?
-10
Evaluate -23 + (20 - (-2 - 7)).
6
Calculate -15 - (4 + (-1 + 1 - (8 + -3))).
-14
Evaluate -72 + 30 + 52 + (1 - 0).
11
Evaluate (0 - -1) + (-156 - -146 - (1 + 11)).
-21
1 + -1 + (-19 + 6 - (-9 + -3))
-1
What is (2 - 7 - -4) + -2 - 8?
-11
-24 + -9 + -7 + 25
-15
What is (14 - 0) + 26 + (-9 - 25)?
6
Evaluate -8 + 5 + 3 - -2 - (-5 + 9).
-2
What is the value of 2 + (19 - 62 - -30)?
-11
What is the value of 198 + -189 - (4 - 1 - -16)?
-10
Evaluate 50 - (29 - 22 - -19).
24
Evaluate -3 + (4 - 27) + (7 - 17) + 11.
-25
Evaluate 4 + (-3 - (-3 + 0 - 5 - -1)).
8
Calculate -24 - -56 - (-7 + (-9 - -21)).
27
(42 - 44) + 39 - (-1 + 12)
26
What is -13 + -1 + (-193 - -218)?
11
Calculate (-3 - (-3 + 15)) + 6 + 0 + -6.
-15
What is the value of 0 + -5 - -2 - (3 - 4)?
-2
Calculate -4 + 3 + -5 + 22.
16
What is the value of -1 + 4 - (12 + (-27 - 12))?
30
-7 + -2 - (-2 + 1) - (23 - 52)
21
(2 - -8) + (354 - 383)
-19
What is the value of -6 + -52 + 42 + 51?
35
Evaluate -2 + -17 - (196 + -187).
-28
Evaluate 0 + (14 - (20 + -20)).
14
Evaluate -1 + 2 + -11 + 16 - 3.
3
What is the value of -1225 + 1208 + (-4 - 1)?
-22
What is the value of -6 + (4 - -13) + (14 - 12)?
13
What is the value of 231 + -242 - (1 - 13) - (-3 + 18)?
-14
What is the value of (-69 - -87) + 1 + -3?
16
What is -29 - (8 + -8 - 50)?
21
-15 - (-6 + -15 + -6 + 15)
-3
Calculate (2 - 0) + -28 - -16.
-10
Evaluate -2 - ((16 + -7 - 13) + 2).
0
-11 - 3 - (50 + -66)
2
Evaluate 14 + -5 + 27 - (13 - -1).
22
28 - (9 + 7) - 14
-2
Evaluate 9 + (-22 - ((11 - -2) + -13)).
-13
What is the value of -10 + (-4 - -11 - -2) + -6 - -1?
-6
What is 22 - (12 + 10) - 12?
-12
Evaluate 11 - (-9 - -40) - (-5 + -4).
-11
Evaluate (-1 - (5 + -5)) + 2 + (4 - 6).
-1
Calculate 5 + (13 - (-9 - -3)).
24
What is 3 + -4 + 0 - 2 - (4 + -8)?
1
What is -30 + 50 + (4 - 2 - (1 - -1))?
20
((0 - 2) + 2 - (21 - 0)) + 7
-14
19 - (5 - 0 - 2 - -5)
11
What is -15 + (-8 - -13) + 5 - (1 - -6)?
-12
Calculate 2 - ((-396 - -380) + (0 - 1) + 2).
17
What is 6 + (-8 - 0) + -10 + 17 + -1?
4
Evaluate (2 - -1) + (2 - 0).
5
Evaluate (24 + 4 - 7) + 8 + 3.
32
-2 + 24 + (-3 - 9)
10
7 + -15 + (-10 + 7 - (-1 + -6))
-4
Calculate 4 - ((-3 - -6 - 4) + 5).
0
Calculate -252 - -260 - (1 - 0).
7
What is the value of 6 + (-10 - -19) + -5 + 4?
14
Evaluate -231 - -181 - (0 + -12) - -6.
-32
What is 20 + -8 + -8 + -6?
-2
What is -4 - 13 - (-11 + -7)?
1
Calculate (-9 - 3) + (20 - -13) + 2.
23
Evaluate -52 + -1 + 371 + -342.
-24
9 + (2 - 14) + (2 - -3 - 14)
-12
What is 4 - 6 - (-8 - (-18 + -5))?
-17
Evaluate -2 + 7 + -12 + 1 + (4 - -15).
13
Evaluate (1 + -28 - (25 + -13 + -16)) + 0.
-23
Calculate 16 + (-23 - (7 + (-5 - 0))).
-9
(29 - 18 - 19) + (6 - 1)
-3
Calculate 1 - 11 - (-9 - 0).
-1
Calculate (0 - (7 + -2)) + 2 + 10.
7
What is the value of 0 + -17 + 10 - (-8 + 10)?
-9
Calculate 1 + (26 - 8) - 17.
2
Calculate (1 - 23) + (14 - 5 - (-1 + 15)).
-27
Calculate 1 - -6 - (-6 - -1 - -4) - 3.
5
Calculate 1 - (-6 - (-8 + 0 - (-19 + 14))).
4
Calculate -24 + 8 - (-42 + 2 + 6).
18
What is 11 + 12 + 15 + -26?
12
-19 + 8 + 0 - -6
-5
What is (20 - 19) + (3 + (3 - 3) - 15)?
-11
Calculate (1 - 7) + (-9 + 7 + -3 - -19).
8
Calculate (9 - (-5 - -20)) + 6.
0
Evaluate 2 + (4 - 8) - (3 + -9).
4
What is 0 - (-2 + -3) - (-26 + -19 + 47)?
3
Evaluate 26 + (-32 + 19 - 10).
3
What is the value of 4 + -1 - ((11 - 7) + 6 - -7)?
-14
What is (-8 - -4) + 1 - -3 - (0 + -10)?
10
Calculate -20 - (-22 + -1) - (-6 + (0 - -1)).
8
(-20 - -17) + (-1 - (0 - 0)) + 20
16
What is 7 + 7 + 4 + (-11 - 19)?
-12
What is (24 - 43) + (7 - 4)?
-16
What is 5